{"id":199,"date":"2015-05-10T12:10:20","date_gmt":"2015-05-10T12:10:20","guid":{"rendered":"http:\/\/moon.pinsupreme.com\/?page_id=199"},"modified":"2016-05-10T13:24:40","modified_gmt":"2016-05-10T13:24:40","slug":"kapcsolat","status":"publish","type":"page","link":"https:\/\/literatinagyferenc.hu\/index.php\/kapcsolat\/","title":{"rendered":"Kapcsolat"},"content":{"rendered":"<p>El\u00e9rhet\u0151s\u00e9g:<br \/>\nTel: +36 30 123 4567<br \/>\nFax: +36 30 123 4567<br \/>\nEmail: xy@literatinagyferenc.hu<\/p>\n","protected":false},"excerpt":{"rendered":"<p>El\u00e9rhet\u0151s\u00e9g: Tel: +36 30 123 4567 Fax: +36 30 123 4567 Email: xy@literatinagyferenc.hu<\/p>\n","protected":false},"author":1,"featured_media":0,"parent":0,"menu_order":0,"comment_status":"open","ping_status":"open","template":"page-with-map.php","meta":{"inline_featured_image":false},"_links":{"self":[{"href":"https:\/\/literatinagyferenc.hu\/index.php\/wp-json\/wp\/v2\/pages\/199"}],"collection":[{"href":"https:\/\/literatinagyferenc.hu\/index.php\/wp-json\/wp\/v2\/pages"}],"about":[{"href":"https:\/\/literatinagyferenc.hu\/index.php\/wp-json\/wp\/v2\/types\/page"}],"author":[{"embeddable":true,"href":"https:\/\/literatinagyferenc.hu\/index.php\/wp-json\/wp\/v2\/users\/1"}],"replies":[{"embeddable":true,"href":"https:\/\/literatinagyferenc.hu\/index.php\/wp-json\/wp\/v2\/comments?post=199"}],"version-history":[{"count":4,"href":"https:\/\/literatinagyferenc.hu\/index.php\/wp-json\/wp\/v2\/pages\/199\/revisions"}],"predecessor-version":[{"id":805,"href":"https:\/\/literatinagyferenc.hu\/index.php\/wp-json\/wp\/v2\/pages\/199\/revisions\/805"}],"wp:attachment":[{"href":"https:\/\/literatinagyferenc.hu\/index.php\/wp-json\/wp\/v2\/media?parent=199"}],"curies":[{"name":"wp","href":"https:\/\/api.w.org\/{rel}","templated":true}]}}